n 847068 is divided by 344?
140
What is the remainder when 414930 is divided by 11855?
5
What is the remainder when 1699855 is divided by 339964?
35
Calculate the remainder when 53619 is divided by 2420.
379
What is the remainder when 543986 is divided by 112?
2
Calculate the remainder when 5610 is divided by 109.
51
Calculate the remainder when 119723108 is divided by 130.
128
Calculate the remainder when 27621796 is divided by 1841439.
211
Calculate the remainder when 3127959 is divided by 44.
43
What is the remainder when 63254779 is divided by 64?
59
What is the remainder when 2919455 is divided by 144?
143
Calculate the remainder when 26499320 is divided by 4357.
46
Calculate the remainder when 152903285 is divided by 18.
17
Calculate the remainder when 4461509 is divided by 495685.
344
Calculate the remainder when 2277606 is divided by 30.
6
Calculate the remainder when 143177 is divided by 71588.
1
Calculate the remainder when 7387108 is divided by 104.
92
Calculate the remainder when 311528 is divided by 113.
100
Calculate the remainder when 14337293 is divided by 227576.
5
What is the remainder when 48015753 is divided by 2740?
2733
What is the remainder when 29076401 is divided by 98?
95
What is the remainder when 562460 is divided by 233?
231
What is the remainder when 309563 is divided by 860?
823
Calculate the remainder when 50019 is divided by 113.
73
Calculate the remainder when 1169342 is divided by 77955.
17
Calculate the remainder when 270665 is divided by 1983.
977
Calculate the remainder when 152612528 is divided by 151.
150
Calculate the remainder when 46757 is divided by 23135.
487
What is the remainder when 89932 is divided by 4082?
128
Calculate the remainder when 5688 is divided by 1837.
177
Calculate the remainder when 116323488 is divided by 223.
221
Calculate the remainder when 37401623 is divided by 124.
123
Calculate the remainder when 220308 is divided by 219.
213
What is the remainder when 419402 is divided by 1384?
50
Calculate the remainder when 64672 is divided by 86.
0
Calculate the remainder when 30738 is divided by 2018.
468
Calculate the remainder when 115162 is divided by 608.
250
What is the remainder when 3221995935 is divided by 14?
11
Calculate the remainder when 6321950 is divided by 41.
37
Calculate the remainder when 1125315 is divided by 48895.
730
What is the remainder when 3768561 is divided by 618?
615
Calculate the remainder when 91751473 is divided by 29.
26
What is the remainder when 629108359 is divided by 2649?
2647
Calculate the remainder when 4849281 is divided by 269399.
99
Calculate the remainder when 15616 is divided by 4830.
1126
Calculate the remainder when 170279335 is divided by 272.
263
Calculate the remainder when 44472 is divided by 5333.
1808
Calculate the remainder when 11177791 is divided by 3725923.
22
What is the remainder when 708548 is divided by 236141?
125
Calculate the remainder when 7351982 is divided by 198702.
8
What is the remainder when 3190548 is divided by 227888?
116
What is the remainder when 408578 is divided by 5915?
443
Calculate the remainder when 260672 is divided by 2171.
152
What is the remainder when 943548 is divided by 943362?
186
Calculate the remainder when 110824634 is divided by 82.
76
Calculate the remainder when 64336995 is divided by 2719.
17
What is the remainder when 56720 is divided by 718?
716
Calculate the remainder when 497662 is divided by 8476.
6054
What is the remainder when 623990 is divided by 51998?
14
Calculate the remainder when 155583576 is divided by 595.
1
What is the remainder when 181400 is divided by 6974?
76
What is the remainder when 46983745 is divided by 14?
11
Calculate the remainder when 404738 is divided by 17593.
99
Calculate the remainder when 33759222 is divided by 144.
6
Calculate the remainder when 324728 is divided by 324119.
609
What is the remainder when 161476346 is divided by 3669?
3656
Calculate the remainder when 378835 is divided by 6822.
3625
Calculate the remainder when 904725 is divided by 2725.
25
Calculate the remainder when 18620 is divided by 55.
30
Calculate the remainder when 23276187 is divided by 166.
165
What is the remainder when 877074 is divided by 2410?
2244
What is the remainder when 608360200 is divided by 1087?
1084
Calculate the remainder when 2748694 is divided by 458097.
112
What is the remainder when 17361411 is divided by 1214?
1211
Calculate the remainder when 1137139 is divided by 568555.
29
Calculate the remainder when 274429 is divided by 4221.
64
What is the remainder when 10129909 is divided by 15074?
181
Calculate the remainder when 693904 is divided by 1483.
1343
What is the remainder when 105725 is divided by 619?
495
What is the remainder when 12302128 is divided by 13?
7
What is the remainder when 39876 is divided by 4731?
2028
What is the remainder when 6738863 is divided by 396?
131
What is the remainder when 9308 is divided by 21?
5
Calculate the remainder when 6668024 is divided by 369.
194
What is the remainder when 154172 is divided by 914?
620
What is the remainder when 110819 is divided by 253?
5
What is the remainder when 672594 is divided by 336292?
10
Calculate the remainder when 837032 is divided by 26156.
40
What is the remainder when 2456081 is divided by 326?
323
What is the remainder when 251801 is divided by 551?
545
Calculate the remainder when 61584 is divided by 4737.
3
What is the remainder when 722211 is divided by 3239?
3153
What is the remainder when 100324 is divided by 209?
4
What is the remainder when 142103 is divided by 8017?
5814
Calculate the remainder when 2557989 is divided by 415.
344
What is the remainder when 1476978 is divided by 7000?
6978
What is the remainder when 2760633 is divided by 153361?
135
What is the remainder when 39775023 is divided by 59?
55
What is the remainder when 7475034 is divided by 63889?
21
What is the remainder when 11303576 is divided by 289835?
11
Calculate the remainder when 60271 is divided by 5944.
831
Calculate the remainder when 35209274 is divided by 81882.
14
Calculate the remainder when 262137481 is divided by 2383068.
1
What is the remainder when 302012 is divided by 156?
152
Calculate the remainder when 38885 is divided by 19137.
611
Calculate the remainder when 41220322 is divided by 1421390.
12
What is the remainder when 70949 is divided by 2529?
137
What is the remainder when 2824128 is divided by 484?
472
Calculate the remainder when 376982 is divided by 1143.
935
Calculate the remainder when 2077482 is divided by 21868.
22
Calculate the remainder when 58398173 is divided by 463.
446
What is the remainder when 68493 is divided by 3423?
33
Calculate the remainder when 8800731 is divided by 8800707.
24
What is the remainder when 7260230 is divided by 151?
150
Calculate the remainder when 1219717 is divided by 4.
1
Calculate the remainder when 268363 is divided by 88248.
3619
Calculate the remainder when 1657 is divided by 660.
337
What is the remainder when 38758119 is divided by 18?
15
Calculate the remainder when 2576064 is divided by 4488.
4440
What is the remainder when 37095 is divided by 928?
903
What is the remainder when 2565005 is divided by 321?
215
Calculate the remainder when 844318 is divided by 281435.
13
What is the remainder when 1508328 is divided by 137120?
8
What is the remainder when 37633399 is divided by 10518?
10513
What is the remainder when 764557 is divided by 326?
87
What is the remainder when 383129 is divided by 20160?
89
Calculate the remainder when 2405243 is divided by 133622.
47
What is the remainder when 587748 is divided by 2924?
24
Calculate the remainder when 436941 is divided by 145503.
432
Calculate the remainder when 108703391 is divided by 28.
27
Calculate the remainder when 16231 is divided by 15857.
374
What is the remainder when 3186202 is divided by 166?
164
Calculate the remainder when 47070857 is divided by 3620.
3617
Calculate the remainder when 9375349 is divided by 262.
203
What is the remainder when 2498759 is divided by 80600?
159
What is the remainder when 14596842 is divided by 62?
58
What is the remainder when 3379028 is divided by 284?
280
Calculate the remainder when 17359 is divided by 456.
31
Calculate the remainder when 142273974